 of 697?
17, 41
What are the prime factors of 27196?
2, 13, 523
List the prime factors of 957.
3, 11, 29
List the prime factors of 834.
2, 3, 139
What are the prime factors of 16478?
2, 7, 11, 107
List the prime factors of 78712.
2, 9839
List the prime factors of 2043.
3, 227
What are the prime factors of 479?
479
List the prime factors of 14044.
2, 3511
List the prime factors of 617.
617
List the prime factors of 3897.
3, 433
List the prime factors of 701.
701
List the prime factors of 15050.
2, 5, 7, 43
What are the prime factors of 110190?
2, 3, 5, 3673
List the prime factors of 7097.
47, 151
What are the prime factors of 1122?
2, 3, 11, 17
List the prime factors of 78349.
47, 1667
List the prime factors of 894.
2, 3, 149
List the prime factors of 5495.
5, 7, 157
List the prime factors of 3476.
2, 11, 79
What are the prime factors of 1855?
5, 7, 53
What are the prime factors of 9888?
2, 3, 103
List the prime factors of 3198.
2, 3, 13, 41
What are the prime factors of 39402?
2, 3, 11, 199
What are the prime factors of 53535?
3, 5, 43, 83
What are the prime factors of 40423?
40423
What are the prime factors of 7695?
3, 5, 19
List the prime factors of 26031.
3, 8677
What are the prime factors of 16627?
13, 1279
What are the prime factors of 15532?
2, 11, 353
What are the prime factors of 6118?
2, 7, 19, 23
List the prime factors of 5674.
2, 2837
List the prime factors of 1542.
2, 3, 257
What are the prime factors of 1068?
2, 3, 89
What are the prime factors of 1654?
2, 827
What are the prime factors of 994?
2, 7, 71
List the prime factors of 67.
67
What are the prime factors of 1365?
3, 5, 7, 13
List the prime factors of 8850.
2, 3, 5, 59
What are the prime factors of 17399?
127, 137
What are the prime factors of 22168?
2, 17, 163
What are the prime factors of 91902?
2, 3, 17, 53
List the prime factors of 29423.
29423
List the prime factors of 949.
13, 73
List the prime factors of 4257.
3, 11, 43
What are the prime factors of 1690?
2, 5, 13
What are the prime factors of 2275?
5, 7, 13
List the prime factors of 1338.
2, 3, 223
What are the prime factors of 4707?
3, 523
List the prime factors of 36465.
3, 5, 11, 13, 17
List the prime factors of 462.
2, 3, 7, 11
List the prime factors of 8734.
2, 11, 397
What are the prime factors of 355?
5, 71
List the prime factors of 73913.
7, 10559
List the prime factors of 1143.
3, 127
List the prime factors of 9120.
2, 3, 5, 19
What are the prime factors of 71987?
71987
What are the prime factors of 3791?
17, 223
What are the prime factors of 5028?
2, 3, 419
What are the prime factors of 6702?
2, 3, 1117
What are the prime factors of 151?
151
What are the prime factors of 37490?
2, 5, 23, 163
List the prime factors of 4058.
2, 2029
What are the prime factors of 4045?
5, 809
What are the prime factors of 2338?
2, 7, 167
What are the prime factors of 26082?
2, 3, 7, 23
What are the prime factors of 734?
2, 367
List the prime factors of 169497.
3, 37, 509
What are the prime factors of 42942?
2, 3, 17, 421
List the prime factors of 46082.
2, 23041
What are the prime factors of 515?
5, 103
List the prime factors of 34129.
34129
List the prime factors of 16086.
2, 3, 7, 383
List the prime factors of 2901.
3, 967
List the prime factors of 39582.
2, 3, 733
What are the prime factors of 5351?
5351
What are the prime factors of 44550?
2, 3, 5, 11
What are the prime factors of 4618?
2, 2309
List the prime factors of 60285.
3, 5, 4019
What are the prime factors of 12279?
3, 4093
List the prime factors of 1080.
2, 3, 5
What are the prime factors of 79408?
2, 7, 709
List the prime factors of 124.
2, 31
List the prime factors of 3516.
2, 3, 293
What are the prime factors of 65742?
2, 3, 10957
List the prime factors of 208.
2, 13
List the prime factors of 38422.
2, 19211
What are the prime factors of 204?
2, 3, 17
List the prime factors of 2254.
2, 7, 23
What are the prime factors of 1492?
2, 373
What are the prime factors of 5070?
2, 3, 5, 13
List the prime factors of 12871.
61, 211
What are the prime factors of 173?
173
What are the prime factors of 6732?
2, 3, 11, 17
List the prime factors of 9838.
2, 4919
List the prime factors of 2901.
3, 967
List the prime factors of 34188.
2, 3, 7, 11, 37
List the prime factors of 1415.
5, 283
List the prime factors of 922.
2, 461
What are the prime factors of 42140?
2, 5, 7, 43
What are the prime factors of 179?
179
What are the prime factors of 1382?
2, 691
List the prime factors of 3545.
5, 709
List the prime factors of 94784.
2, 1481
List the prime factors of 55413.
3, 47, 131
What are the prime factors of 4315?
5, 863
List the prime factors of 713.
23, 31
What are the prime factors of 6195?
3, 5, 7, 59
List the prime factors of 5028.
2, 3, 419
List the prime factors of 1024.
2
What are the prime factors of 598?
2, 13, 23
What are the prime factors of 3589?
37, 97
List the prime factors of 824.
2, 103
List the prime factors of 16200.
2, 3, 5
What are the prime factors of 10947?
3, 41, 89
What are the prime factors of 153036?
2, 3, 13, 109
List the prime factors of 243.
3
List the prime factors of 4682.
2, 2341
List the prime factors of 3686.
2, 19, 97
List the prime factors of 21124.
2, 5281
List the prime factors of 109201.
109201
What are the prime factors of 11108?
2, 2777
What are the prime factors of 12790?
2, 5, 1279
List the prime factors of 3894.
2, 3, 11, 59
What are the prime factors of 8744?
2, 1093
What are the prime factors of 1524?
2, 3, 127
List the prime factors of 34999.
31, 1129
What are the prime factors of 3411?
3, 379
What are the prime factors of 8293?
8293
What are the prime factors of 3914?
2, 19, 103
List the prime factors of 38381.
7, 5483
What are the prime factors of 1301?
1301
List the prime factors of 2356.
2, 19, 31
What are the prime factors of 471?
3, 157
List the prime factors of 2215.
5, 443
List the prime factors of 3765.
3, 5, 251
List the prime factors of 14579.
61, 239
What are the prime factors of 2667?
3, 7, 127
List the prime factors of 5954.
2, 13, 229
What are the prime factors of 64?
2
List the prime factors of 53350.
2, 5, 11, 97
List the prime factors of 15939.
3, 7, 11, 23
List the prime factors of 906.
2, 3, 151
List the prime factors of 672.
2, 3, 7
What are the prime factors of 53779?
11, 4889
List the prime factors of 42127.
103, 409
List the prime factors of 2019.
3, 673
List the prime factors of 6064.
2, 379
What are the prime factors of 45521?
7, 929
What are the prime factors of 3209?
3209
List the prime factors of 86265.
3, 5, 71
What are the prime factors of 664?
2, 83
What are the prime factors of 1026?
2, 3, 19
What are the prime factors of 45540?
2, 3, 5, 11, 23
What are the prime factors of 1075?
5, 43
What are the prime factors of 92078?
2, 7, 6577
What are the prime factors of 72513?
3, 7, 1151
What are the prime factors of 28340?
2, 5, 13, 109
List the prime factors of 275.
5, 11
List the prime factors of 719.
719
What are the prime factors of 125339?
125339
List the prime factors of 17037.
3, 631
List the prime factors of 193698.
2, 3, 17, 211
What are the prime factors of 5595?
3, 5, 373
What are the prime factors of 24799?
24799
What are the prime factors of 1928?
2, 241
What are the prime factors of 608?
2, 19
What are the prime factors of 14043?
3, 31, 151
List the prime factors of 6876.
2, 3, 191
What are the prime factors of 6931?
29, 239
What are the prime factors of 27292?
2, 6823
What are the prime factors of 79696?
2, 17, 293
What are the prime factors of 65156?
2, 7, 13, 179
What are the prime factors of 25323?
3, 23, 367
What are the prime factors of 1322?
2, 661
What are the prime factors of 585?
3, 5, 13
List the prime factors of 3988.
2, 997
What are the prime factors of 35030?
2, 5, 31, 113
List the prime factors of 15378.
2, 3, 11, 233
What are the prime factors of 51136?
2, 17, 47
What are the prime factors of 19578?
2, 3, 13, 251
What are the prime factors of 10?
2, 5
What are the prime factors of 1035?
3, 5, 23
What are the prime factors of 2150?
2, 5, 43
What are the prime factors of 15946?
2, 7, 17, 67
List the prime factors of 119824.
2, 7489
List the prime factors of 865.
5, 173
List the prime factors of 4986.
2, 3, 277
What are the prime factors of 1193?
1193
List the prime factors of